y = -16*y - 9. Suppose 0 = -w - b + 26, y*b - 4*b - 40 = -2*w. Calculate the greatest common divisor of 6 and w.
6
Let u be -2*(-3)/(-24) - (-1614)/24. Let h = u + -56. Calculate the highest common divisor of h and 88.
11
Suppose -5*v - 4*d = -4624, 5*v + 0*d + 5*d = 4625. Calculate the greatest common divisor of v and 264.
132
Let z(h) = -7*h - 9. Let q be z(8). Let x be (3 - -1)*q/(-2). Let i = -21 + 47. What is the greatest common divisor of i and x?
26
Suppose 0 = 8*u - 1132 + 92. Calculate the highest common divisor of 26 and u.
26
Suppose -p + 4*o + 14 = 3, 5*o + 22 = 4*p. What is the highest common divisor of p and 51?
3
Let z = 714 + 251. Calculate the highest common divisor of 5 and z.
5
Let o be (-3)/(-2 + (-38)/(-18)). Let z be (-16)/(-4)*o/(-12). What is the highest common divisor of z and 36?
9
Let q be (3 - 7 - -1) + -2 + 10. Suppose 0 = -q*y + 6*y - 4. What is the highest common divisor of y and 4?
4
Let q(m) = -m**3 + 4*m**2 + 3*m - 5. Let v be q(4). Suppose v*j = 16*j - 108. Calculate the greatest common factor of 3 and j.
3
Let l = -324 + 338. Let i(y) = y + 63. Let a be i(0). Suppose 0*s - 3*s = -a. Calculate the greatest common divisor of l and s.
7
Let j(y) = -2*y**3 - 16*y**2 - 31*y - 18. Let b be j(-6). Let d(a) = 11*a + 3. Let p be d(3). Calculate the highest common factor of b and p.
12
Suppose 0 = -2*h + 5*s + 22, 0 = -4*h - 8*s + 9*s + 26. What is the highest common divisor of 132 and h?
6
Let o = 25 + 39. Let b = 72 - o. Suppose 3*t - 6 = -0*t. Calculate the highest common divisor of b and t.
2
Let o(a) be the first derivative of -8 + 15/2*a**2 - 1/3*a**3 - 4*a. Let w be o(11). What is the highest common factor of w and 5?
5
Let u = 1 - -2. Suppose -4*i + u*i + 78 = 5*r, -2*i + 140 = 2*r. Let g = i + -12. Calculate the greatest common factor of 7 and g.
7
Let y be (-1380)/(-35) + 6/(-14). Calculate the highest common factor of 897 and y.
39
Suppose -o + 5*u = 3*o - 5, 0 = 5*o - 2*u + 15. Let c(y) = -21*y - 3. Let r be c(-3). Let n be o/(-2)*48/r. What is the highest common divisor of 10 and n?
2
Let k = -18 + 26. Let s be 1/4 - (-318)/k. Let t = -94 + 194. Calculate the highest common factor of s and t.
20
Let u(b) = 18*b + b**2 - 17*b + 0*b**2. Let h be u(-3). What is the greatest common divisor of 24 and h?
6
Let l be -4*(12324/16)/(-13). Calculate the highest common divisor of l and 632.
79
Suppose 0 = -17*l + 4*l + 3952. What is the greatest common factor of 114 and l?
38
Let y be -8*((-40)/(-16))/(-5). Suppose 4*s = -0*s + d + 173, 5*s + 2*d = 226. Calculate the greatest common divisor of y and s.
4
Let r be (-4 + 3 - 0) + 44/4. Calculate the greatest common factor of 4 and r.
2
Let g be (-18)/12*(-18592)/12. What is the highest common divisor of 28 and g?
28
Let p be (3 - (-30)/(-9))*-225. Suppose -30*l + 32*l - 50 = 0. What is the greatest common divisor of l and p?
25
Let u(g) = -12*g - 92. Let x be u(-8). What is the greatest common factor of x and 4?
4
Let w(c) = 26*c - 3 + 0*c - 8. Let s(v) = v - 1. Let z(f) = -18*s(f) + 2*w(f). Let n be z(4). What is the greatest common divisor of 12 and n?
12
Suppose 4*g + 0*g - 4*h - 452 = 0, -2*h - 116 = -g. Calculate the highest common factor of g and 352.
22
Let v = 34 + 164. Suppose 5*g - 63 = 27. What is the greatest common divisor of v and g?
18
Let r(k) = 4*k**2 + 9*k + 1. Let c be r(7). Suppose c = -0*h + 4*h. Let s be ((-134)/(-67))/((-4)/(-26)). Calculate the highest common factor of s and h.
13
Suppose -240*h - 9216 = -249*h. Calculate the highest common divisor of 8 and h.
8
Suppose -4*f + 516 = y, 3*f + 1514 = 3*y + 11. Calculate the highest common divisor of y and 189.
63
Let i = -2 - -25. Suppose 5*h - 455 = 465. What is the highest common divisor of i and h?
23
Let s be (1 - 0) + 2 + 2. Suppose s*b - 123 = 2*b - 4*u, -u - 3 = 0. Suppose b = -6*d + 9*d. Calculate the highest common divisor of 3 and d.
3
Let s(m) = -2*m**2 + 2*m + 7. Let c be s(3). Let v be c*(-4 + (-3 - -4)). What is the greatest common factor of 10 and v?
5
Let u be (-381)/(-12) - (2 + (-45)/20). What is the greatest common factor of u and 112?
16
Let l be (26/3)/(-12 - (-21040)/1752). What is the greatest common factor of 73 and l?
73
Suppose -1 = -3*h + 2, -5*w = 3*h - 28. Calculate the greatest common factor of 120 and w.
5
Let c be (-3)/(-2)*390/(-27)*-3. Let l be (-14)/42 + (-2)/3. Let v(k) = -15*k - 2. Let b be v(l). Calculate the highest common factor of b and c.
13
Suppose 5*s + 12 = 2*s - 3*h, -3*h = -s - 24. Suppose -12*p - 57 = -429. Let t = p + s. What is the highest common divisor of t and 176?
22
Let f be (-4)/1 - (-4408)/76. What is the greatest common divisor of 126 and f?
18
Let y be 306/7 + (-6)/(-21). Let w be 536/y + 2/(-11). Let o be 830/8 - (-3)/w. Calculate the highest common divisor of o and 26.
26
Let z be 3/(-6) + (-15)/2. Let j be z/(-12)*(-1 + -11). Let w be (j/14)/(2/(-14)). Calculate the highest common factor of 44 and w.
4
Suppose 366 = 9*r + 78. Calculate the greatest common divisor of r and 528.
16
Suppose 1101 = 6*m + 933. Suppose -5*f + 26 - 6 = 0. What is the greatest common divisor of m and f?
4
Suppose -4*p - 221 = 5*i + 188, -i + 4*p = 77. Let l = -43 - i. Calculate the highest common divisor of 190 and l.
38
Let m(q) = -q**3 - 27*q**2 + 45*q - 52. Let g be m(-29). What is the highest common factor of 130 and g?
65
Let h(x) = -x + 6. Let s be h(0). Suppose 92 = s*r - 2*r. What is the greatest common divisor of 115 and r?
23
Let q(w) = 8*w + 27 + 9*w**2 + 7*w - 9*w - 10*w**2. Let d be q(6). Calculate the highest common divisor of 18 and d.
9
Let b(i) = -i**2 + i + 18. Let w be b(0). Let t be 77/28 + 6/(-8). What is the greatest common factor of w and t?
2
Let b be 8 - (3 - -2 - 1). Suppose -2*c + 39 = m, -b*m = 2*c - m - 45. Let t = 30 - c. Calculate the highest common factor of 108 and t.
12
Suppose 0 = -6*i + i - 405. Let n be 3 + 0 - (i + -3). Suppose -57 = -4*k + n. What is the greatest common divisor of 54 and k?
18
Suppose 0 = 2*o - 2*k + 7 + 33, -4*o + 3*k = 81. Let y(q) = q**3 + 20*q**2 - 22*q. Let v be y(o). Calculate the greatest common factor of v and 189.
21
Suppose -2*y + 0*y - 4*g - 10 = 0, -g - 19 = -5*y. Suppose 0*k + 147 = y*k. What is the greatest common factor of 7 and k?
7
Let q(s) = s**3 + 5*s**2 - 9*s - 30. Let w be q(-5). What is the highest common factor of 555 and w?
15
Suppose 728 = 4*i - 112. Calculate the greatest common factor of i and 30.
30
Suppose 167*p = 163*p - 40. Let j(b) = -b**2 - 9*b + 20. Let z be j(p). What is the highest common factor of 40 and z?
10
Suppose 4 = 4*c - 0, -4*p + 2*c = -30. Suppose -2*k = 5*f - 2, -p = -0*k - k + f. Calculate the highest common divisor of 18 and k.
6
Let t = -589 - -909. Calculate the greatest common factor of t and 128.
64
Suppose 16*f - 66 = 126. Calculate the greatest common divisor of f and 24.
12
Let g be 359 - -1 - (-2 - -5). What is the greatest common factor of 21 and g?
21
Suppose -4*y + 3*b = 353, 4*y + b + 164 = -193. Let l = -33 - y. Calculate the highest common divisor of 7 and l.
7
Suppose 4*v = 5*d - 34, -4*d = 3*v - 8 - 13. Suppose 0 = k - d + 2. Suppose k*j = 27 + 13. What is the highest common divisor of 10 and j?
10
Let n(r) = -r + 18. Suppose 3*i = 27 - 3. Let h be n(i). Let d(x) = x**2 - 6*x - 2. Let q be d(12). Calculate the greatest common factor of h and q.
10
Suppose -2*f - 2*f = 0. Suppose 5*r + f*r = -400. Let i be r/(-1) - (-1 - -3). What is the highest common divisor of 52 and i?
26
Suppose -2*q + 81 = -q - 3*h, -3*q + 5*h + 235 = 0. What is the highest common factor of q and 325?
25
Let w = 13 + -11. Suppose 2*k + 100 = 5*k - 2*d, -w*k = 3*d - 71. What is the greatest common divisor of 85 and k?
17
Suppose 2*f = 2*s - 3*f - 580, 3*s + 3*f = 912. Suppose -34*i + s = -31*i. What is the greatest common factor of 40 and i?
20
Let b be (1 - -1)*-1 - 1. Let i(a) = a**2 + a. Let n(k) = k - 1. Let x(y) = 4*i(y) - 3*n(y). Let p be x(b). Calculate the highest common factor of p and 4.
4
Suppose 4*w = 6 + 2. Let o(s) = s**2 + 3*s - 1. Let p be o(w). Let g = -77 - -78. Calculate the greatest common factor of g and p.
1
Let j = -85 + 60. Let u = -14 - j. Let l(k) = 5*k**2 + 7*k - 9. Let f be l(4). Calculate the greatest common factor of u and f.
11
Let v =